{"id":1521,"date":"2014-04-11T15:45:53","date_gmt":"2014-04-11T13:45:53","guid":{"rendered":"http:\/\/elnostreraco.com\/blog\/?page_id=1521"},"modified":"2016-07-13T20:17:32","modified_gmt":"2016-07-13T18:17:32","slug":"contacta","status":"publish","type":"page","link":"https:\/\/elnostreraco.com\/blog\/contacta\/","title":{"rendered":"Contacta amb Jordi Rosell"},"content":{"rendered":"<p>Posa&#8217;t en contacte amb <a title=\"Qui s\u00f3c\" href=\"http:\/\/elnostreraco.com\/blog\/quant-a\">mi<\/a>\u00a0utilitzant el seg\u00fcent formulari o enviant un missatge a jrosell@triggerbit.com.<\/p>\n<p>Intentar\u00e9 respondre el m\u00e9s aviat possible.<br \/>\n[contact-form submit_button_text=&#8217;Contacta&#8217;]<br \/>\n[contact-field label=&#8217;Nom&#8217; type=&#8217;name&#8217; required=&#8217;1&#8217;\/]<br \/>\n&nbsp;<br \/>\n[contact-field label=&#8217;Correu electr\u00f2nic&#8217; type=&#8217;email&#8217; required=&#8217;1&#8217;\/]<br \/>\n&nbsp;<br \/>\n[contact-field label=&#8217;Vull parlar de&#8217; type=&#8217;radio&#8217; options=&#8217;Projecte,Pon\u00e8ncia per esdeveniment,Formaci\u00f3 o projecte interesant,Entrevista,Altres o diversos temes&#8217;\/]<br \/>\n&nbsp;<br \/>\n[contact-field label=&#8217;Comentari&#8217; type=&#8217;textarea&#8217; required=&#8217;1&#8217;\/]<br \/>\n&nbsp;<br \/>\nS&#8217;ent\u00e9n que enviant el formulari s&#8217;accepten les <a href=\"\/blog\/legal\" target=\"_blank\">condicions legals<\/a><br \/>\n[\/contact-form]<\/p>\n<p>&nbsp;<\/p>\n","protected":false},"excerpt":{"rendered":"<p>Posa&#8217;t en contacte amb mi\u00a0utilitzant el seg\u00fcent formulari o enviant un missatge a jrosell@triggerbit.com. Intentar\u00e9 respondre el m\u00e9s aviat possible. [contact-form submit_button_text=&#8217;Contacta&#8217;] [contact-field label=&#8217;Nom&#8217; type=&#8217;name&#8217; required=&#8217;1&#8217;\/] &nbsp; [contact-field label=&#8217;Correu electr\u00f2nic&#8217; type=&#8217;email&#8217; required=&#8217;1&#8217;\/] &nbsp; [contact-field label=&#8217;Vull &hellip; <\/p>\n","protected":false},"author":1,"featured_media":0,"parent":0,"menu_order":4,"comment_status":"closed","ping_status":"closed","template":"","meta":{"footnotes":""},"class_list":["post-1521","page","type-page","status-publish","hentry"],"yoast_head":"<!-- This site is optimized with the Yoast SEO plugin v27.1.1 - https:\/\/yoast.com\/product\/yoast-seo-wordpress\/ -->\n<title>Contacta amb Jordi Rosell ~ Jordi Rosell<\/title>\n<meta name=\"robots\" content=\"index, follow, max-snippet:-1, max-image-preview:large, max-video-preview:-1\" \/>\n<link rel=\"canonical\" href=\"https:\/\/elnostreraco.com\/blog\/contacta\/\" \/>\n<meta property=\"og:locale\" content=\"ca_ES\" \/>\n<meta property=\"og:type\" content=\"article\" \/>\n<meta property=\"og:title\" content=\"Contacta amb Jordi Rosell ~ Jordi Rosell\" \/>\n<meta property=\"og:description\" content=\"Posa&#8217;t en contacte amb mi\u00a0utilitzant el seg\u00fcent formulari o enviant un missatge a jrosell@triggerbit.com. Intentar\u00e9 respondre el m\u00e9s aviat possible. [contact-form submit_button_text=&#8217;Contacta&#8217;] [contact-field label=&#8217;Nom&#8217; type=&#8217;name&#8217; required=&#8217;1&#8217;\/] &nbsp; [contact-field label=&#8217;Correu electr\u00f2nic&#8217; type=&#8217;email&#8217; required=&#8217;1&#8217;\/] &nbsp; [contact-field label=&#8217;Vull &hellip;\" \/>\n<meta property=\"og:url\" content=\"https:\/\/elnostreraco.com\/blog\/contacta\/\" \/>\n<meta property=\"og:site_name\" content=\"Jordi Rosell\" \/>\n<meta property=\"article:modified_time\" content=\"2016-07-13T18:17:32+00:00\" \/>\n<meta name=\"twitter:card\" content=\"summary_large_image\" \/>\n<meta name=\"twitter:site\" content=\"@jrosell\" \/>\n<script type=\"application\/ld+json\" class=\"yoast-schema-graph\">{\"@context\":\"https:\/\/schema.org\",\"@graph\":[{\"@type\":\"WebPage\",\"@id\":\"https:\/\/elnostreraco.com\/blog\/contacta\/\",\"url\":\"https:\/\/elnostreraco.com\/blog\/contacta\/\",\"name\":\"Contacta amb Jordi Rosell ~ Jordi Rosell\",\"isPartOf\":{\"@id\":\"https:\/\/elnostreraco.com\/blog\/#website\"},\"datePublished\":\"2014-04-11T13:45:53+00:00\",\"dateModified\":\"2016-07-13T18:17:32+00:00\",\"breadcrumb\":{\"@id\":\"https:\/\/elnostreraco.com\/blog\/contacta\/#breadcrumb\"},\"inLanguage\":\"ca\",\"potentialAction\":[{\"@type\":\"ReadAction\",\"target\":[\"https:\/\/elnostreraco.com\/blog\/contacta\/\"]}]},{\"@type\":\"BreadcrumbList\",\"@id\":\"https:\/\/elnostreraco.com\/blog\/contacta\/#breadcrumb\",\"itemListElement\":[{\"@type\":\"ListItem\",\"position\":1,\"name\":\"Inici\",\"item\":\"https:\/\/elnostreraco.com\/blog\/\"},{\"@type\":\"ListItem\",\"position\":2,\"name\":\"Contacta amb Jordi Rosell\"}]},{\"@type\":\"WebSite\",\"@id\":\"https:\/\/elnostreraco.com\/blog\/#website\",\"url\":\"https:\/\/elnostreraco.com\/blog\/\",\"name\":\"Jordi Rosell\",\"description\":\"Conversi\u00f3, eCommerce i Marketing online\",\"potentialAction\":[{\"@type\":\"SearchAction\",\"target\":{\"@type\":\"EntryPoint\",\"urlTemplate\":\"https:\/\/elnostreraco.com\/blog\/?s={search_term_string}\"},\"query-input\":{\"@type\":\"PropertyValueSpecification\",\"valueRequired\":true,\"valueName\":\"search_term_string\"}}],\"inLanguage\":\"ca\"}]}<\/script>\n<!-- \/ Yoast SEO plugin. -->","yoast_head_json":{"title":"Contacta amb Jordi Rosell ~ Jordi Rosell","robots":{"index":"index","follow":"follow","max-snippet":"max-snippet:-1","max-image-preview":"max-image-preview:large","max-video-preview":"max-video-preview:-1"},"canonical":"https:\/\/elnostreraco.com\/blog\/contacta\/","og_locale":"ca_ES","og_type":"article","og_title":"Contacta amb Jordi Rosell ~ Jordi Rosell","og_description":"Posa&#8217;t en contacte amb mi\u00a0utilitzant el seg\u00fcent formulari o enviant un missatge a jrosell@triggerbit.com. Intentar\u00e9 respondre el m\u00e9s aviat possible. [contact-form submit_button_text=&#8217;Contacta&#8217;] [contact-field label=&#8217;Nom&#8217; type=&#8217;name&#8217; required=&#8217;1&#8217;\/] &nbsp; [contact-field label=&#8217;Correu electr\u00f2nic&#8217; type=&#8217;email&#8217; required=&#8217;1&#8217;\/] &nbsp; [contact-field label=&#8217;Vull &hellip;","og_url":"https:\/\/elnostreraco.com\/blog\/contacta\/","og_site_name":"Jordi Rosell","article_modified_time":"2016-07-13T18:17:32+00:00","twitter_card":"summary_large_image","twitter_site":"@jrosell","schema":{"@context":"https:\/\/schema.org","@graph":[{"@type":"WebPage","@id":"https:\/\/elnostreraco.com\/blog\/contacta\/","url":"https:\/\/elnostreraco.com\/blog\/contacta\/","name":"Contacta amb Jordi Rosell ~ Jordi Rosell","isPartOf":{"@id":"https:\/\/elnostreraco.com\/blog\/#website"},"datePublished":"2014-04-11T13:45:53+00:00","dateModified":"2016-07-13T18:17:32+00:00","breadcrumb":{"@id":"https:\/\/elnostreraco.com\/blog\/contacta\/#breadcrumb"},"inLanguage":"ca","potentialAction":[{"@type":"ReadAction","target":["https:\/\/elnostreraco.com\/blog\/contacta\/"]}]},{"@type":"BreadcrumbList","@id":"https:\/\/elnostreraco.com\/blog\/contacta\/#breadcrumb","itemListElement":[{"@type":"ListItem","position":1,"name":"Inici","item":"https:\/\/elnostreraco.com\/blog\/"},{"@type":"ListItem","position":2,"name":"Contacta amb Jordi Rosell"}]},{"@type":"WebSite","@id":"https:\/\/elnostreraco.com\/blog\/#website","url":"https:\/\/elnostreraco.com\/blog\/","name":"Jordi Rosell","description":"Conversi\u00f3, eCommerce i Marketing online","potentialAction":[{"@type":"SearchAction","target":{"@type":"EntryPoint","urlTemplate":"https:\/\/elnostreraco.com\/blog\/?s={search_term_string}"},"query-input":{"@type":"PropertyValueSpecification","valueRequired":true,"valueName":"search_term_string"}}],"inLanguage":"ca"}]}},"_links":{"self":[{"href":"https:\/\/elnostreraco.com\/blog\/wp-json\/wp\/v2\/pages\/1521","targetHints":{"allow":["GET"]}}],"collection":[{"href":"https:\/\/elnostreraco.com\/blog\/wp-json\/wp\/v2\/pages"}],"about":[{"href":"https:\/\/elnostreraco.com\/blog\/wp-json\/wp\/v2\/types\/page"}],"author":[{"embeddable":true,"href":"https:\/\/elnostreraco.com\/blog\/wp-json\/wp\/v2\/users\/1"}],"replies":[{"embeddable":true,"href":"https:\/\/elnostreraco.com\/blog\/wp-json\/wp\/v2\/comments?post=1521"}],"version-history":[{"count":24,"href":"https:\/\/elnostreraco.com\/blog\/wp-json\/wp\/v2\/pages\/1521\/revisions"}],"predecessor-version":[{"id":2687,"href":"https:\/\/elnostreraco.com\/blog\/wp-json\/wp\/v2\/pages\/1521\/revisions\/2687"}],"wp:attachment":[{"href":"https:\/\/elnostreraco.com\/blog\/wp-json\/wp\/v2\/media?parent=1521"}],"curies":[{"name":"wp","href":"https:\/\/api.w.org\/{rel}","templated":true}]}}